{"id":281,"date":"2020-12-08T13:16:57","date_gmt":"2020-12-08T12:16:57","guid":{"rendered":"http:\/\/www.letrognon.com\/college\/?page_id=281"},"modified":"2025-03-06T15:54:56","modified_gmt":"2025-03-06T14:54:56","slug":"matieres","status":"publish","type":"page","link":"http:\/\/saint-charles.net\/NSTC\/?page_id=281","title":{"rendered":"Mati\u00e8res"},"content":{"rendered":"\n<h1 class=\"wp-block-heading\">Les mati\u00e8res (horaires hebdomadaires)<\/h1>\n\n\n\n<figure class=\"wp-block-image size-large\"><img loading=\"lazy\" decoding=\"async\" width=\"1024\" height=\"643\" src=\"http:\/\/saint-charles.net\/NSTC\/wp-content\/uploads\/2021\/04\/Horaires-1024x643.png\" alt=\"Emploi du temps\" class=\"wp-image-562\" srcset=\"http:\/\/saint-charles.net\/NSTC\/wp-content\/uploads\/2021\/04\/Horaires-1024x643.png 1024w, http:\/\/saint-charles.net\/NSTC\/wp-content\/uploads\/2021\/04\/Horaires-300x188.png 300w, http:\/\/saint-charles.net\/NSTC\/wp-content\/uploads\/2021\/04\/Horaires-768x482.png 768w, http:\/\/saint-charles.net\/NSTC\/wp-content\/uploads\/2021\/04\/Horaires-1536x964.png 1536w, http:\/\/saint-charles.net\/NSTC\/wp-content\/uploads\/2021\/04\/Horaires.png 1800w\" sizes=\"auto, (max-width: 1024px) 100vw, 1024px\" \/><\/figure>\n\n\n\n<p>Quelque soit le niveau, des heures de soutien ont \u00e9t\u00e9 plac\u00e9es.<\/p>\n\n\n\n<p><strong>En Sixi\u00e8me :<\/strong><\/p>\n\n\n\n<ul class=\"wp-block-list\">\n<li>Atelier \u00ab\u00a0M\u00e9thodo &amp; Organisation\u00a0\u00bb\u00a0<\/li>\n\n\n\n<li>Initiation informatique 1h<\/li>\n\n\n\n<li>Projet \u00e0 th\u00e8mes 1h<\/li>\n<\/ul>\n\n\n\n<p><strong>A partir de la classe de 5\u00e8me :<\/strong><\/p>\n\n\n\n<ul class=\"wp-block-list\">\n<li>LCE Anglais<\/li>\n\n\n\n<li>Latin<\/li>\n<\/ul>\n\n\n\n<p><\/p>\n","protected":false},"excerpt":{"rendered":"<p>Les mati\u00e8res (horaires hebdomadaires) Quelque soit le niveau, des heures de soutien ont \u00e9t\u00e9 plac\u00e9es. En Sixi\u00e8me : A partir de la classe de 5\u00e8me :<\/p>\n","protected":false},"author":1,"featured_media":0,"parent":0,"menu_order":0,"comment_status":"closed","ping_status":"closed","template":"pageVierge.php","meta":{"footnotes":""},"class_list":["post-281","page","type-page","status-publish","hentry"],"_links":{"self":[{"href":"http:\/\/saint-charles.net\/NSTC\/index.php?rest_route=\/wp\/v2\/pages\/281","targetHints":{"allow":["GET"]}}],"collection":[{"href":"http:\/\/saint-charles.net\/NSTC\/index.php?rest_route=\/wp\/v2\/pages"}],"about":[{"href":"http:\/\/saint-charles.net\/NSTC\/index.php?rest_route=\/wp\/v2\/types\/page"}],"author":[{"embeddable":true,"href":"http:\/\/saint-charles.net\/NSTC\/index.php?rest_route=\/wp\/v2\/users\/1"}],"replies":[{"embeddable":true,"href":"http:\/\/saint-charles.net\/NSTC\/index.php?rest_route=%2Fwp%2Fv2%2Fcomments&post=281"}],"version-history":[{"count":10,"href":"http:\/\/saint-charles.net\/NSTC\/index.php?rest_route=\/wp\/v2\/pages\/281\/revisions"}],"predecessor-version":[{"id":2527,"href":"http:\/\/saint-charles.net\/NSTC\/index.php?rest_route=\/wp\/v2\/pages\/281\/revisions\/2527"}],"wp:attachment":[{"href":"http:\/\/saint-charles.net\/NSTC\/index.php?rest_route=%2Fwp%2Fv2%2Fmedia&parent=281"}],"curies":[{"name":"wp","href":"https:\/\/api.w.org\/{rel}","templated":true}]}}