{"id":299,"date":"2020-12-08T13:30:08","date_gmt":"2020-12-08T12:30:08","guid":{"rendered":"http:\/\/www.letrognon.com\/college\/?page_id=299"},"modified":"2022-10-17T08:56:09","modified_gmt":"2022-10-17T06:56:09","slug":"vie-au-college","status":"publish","type":"page","link":"http:\/\/saint-charles.net\/NSTC\/?page_id=299","title":{"rendered":"Charte de vie commune"},"content":{"rendered":"\n<h1 class=\"wp-block-heading\">CHARTE DE VIE COMMUNE<\/h1>\n\n\n\n<p>Au sein du coll\u00e8ge, l\u2019ensemble de l\u2019\u00e9quipe s\u2019efforce d\u2019apprendre des contenus disciplinaires aux \u00e9l\u00e8ves ; chaque adulte n\u2019en oublie pas moins la dimension \u00e9ducative li\u00e9e \u00e0 la vie en collectivit\u00e9.<\/p>\n\n\n\n<p>Deux points sont actuellement mis en avant :<\/p>\n\n\n\n<ul class=\"wp-block-list\"><li>le respect de notre environnement : cela passe par la propret\u00e9 des diff\u00e9rents lieux, la gestion des d\u00e9chets \u00e0 la cantine ou en classe, mais aussi le respect du mat\u00e9riel<\/li><li>le respect de l\u2019autre : vivre ensemble n\u00e9cessite de consid\u00e9rer l\u2019autre dans sa diff\u00e9rence, mais aussi dans la bienveillance (mise en place d\u2019\u00e9l\u00e8ve m\u00e9diateur) ; c\u2019est encore \u00eatre vigilent dans ma mani\u00e8re d\u2019\u00eatre avec les autres.<\/li><\/ul>\n","protected":false},"excerpt":{"rendered":"<p>CHARTE DE VIE COMMUNE Au sein du coll\u00e8ge, l\u2019ensemble de l\u2019\u00e9quipe s\u2019efforce d\u2019apprendre des contenus disciplinaires aux \u00e9l\u00e8ves ; chaque adulte n\u2019en oublie pas moins la dimension \u00e9ducative li\u00e9e \u00e0 la vie en collectivit\u00e9. Deux points sont actuellement mis en avant : le respect de notre environnement : cela passe par la propret\u00e9 des diff\u00e9rents [&hellip;]<\/p>\n","protected":false},"author":1,"featured_media":0,"parent":0,"menu_order":0,"comment_status":"closed","ping_status":"closed","template":"left-sidebar.php","meta":{"footnotes":""},"class_list":["post-299","page","type-page","status-publish","hentry"],"_links":{"self":[{"href":"http:\/\/saint-charles.net\/NSTC\/index.php?rest_route=\/wp\/v2\/pages\/299","targetHints":{"allow":["GET"]}}],"collection":[{"href":"http:\/\/saint-charles.net\/NSTC\/index.php?rest_route=\/wp\/v2\/pages"}],"about":[{"href":"http:\/\/saint-charles.net\/NSTC\/index.php?rest_route=\/wp\/v2\/types\/page"}],"author":[{"embeddable":true,"href":"http:\/\/saint-charles.net\/NSTC\/index.php?rest_route=\/wp\/v2\/users\/1"}],"replies":[{"embeddable":true,"href":"http:\/\/saint-charles.net\/NSTC\/index.php?rest_route=%2Fwp%2Fv2%2Fcomments&post=299"}],"version-history":[{"count":3,"href":"http:\/\/saint-charles.net\/NSTC\/index.php?rest_route=\/wp\/v2\/pages\/299\/revisions"}],"predecessor-version":[{"id":596,"href":"http:\/\/saint-charles.net\/NSTC\/index.php?rest_route=\/wp\/v2\/pages\/299\/revisions\/596"}],"wp:attachment":[{"href":"http:\/\/saint-charles.net\/NSTC\/index.php?rest_route=%2Fwp%2Fv2%2Fmedia&parent=299"}],"curies":[{"name":"wp","href":"https:\/\/api.w.org\/{rel}","templated":true}]}}