{"id":303,"date":"2020-12-08T13:32:17","date_gmt":"2020-12-08T12:32:17","guid":{"rendered":"http:\/\/www.letrognon.com\/college\/?page_id=303"},"modified":"2024-10-05T18:20:51","modified_gmt":"2024-10-05T16:20:51","slug":"arrivee-en-sixieme","status":"publish","type":"page","link":"http:\/\/saint-charles.net\/NSTC\/?page_id=303","title":{"rendered":"Arriv\u00e9e en sixi\u00e8me"},"content":{"rendered":"\n<h1 class=\"wp-block-heading\">ARRIV\u00c9E EN SIXI\u00c8ME<\/h1>\n\n\n\n<h2 class=\"wp-block-heading\">Le cycle 3&nbsp; : cycle de consolidation CM1, CM2, 6<sup>\u00e8me<\/sup><\/h2>\n\n\n\n<p><div class='postItBleu  animated tada delay1 duration1 eds-on-scroll '><strong><span style=\"color:#ffffff\" class=\"tadv-color\">Une nouvelle organisation<\/span>&nbsp;<\/strong><\/div> <\/p>\n\n\n\n<ul class=\"wp-block-list\">\n<li>Changements de mati\u00e8res toutes les heures&nbsp;<\/li>\n\n\n\n<li>Changements d\u2019horaires et cours mercredi matin&nbsp;<\/li>\n\n\n\n<li>Heures d\u2019\u00e9tude&nbsp;<\/li>\n\n\n\n<li>Organisation du travail \u00e0 la maison et en \u00e9tude&nbsp;<\/li>\n\n\n\n<li>Organisation du cartable&nbsp;<\/li>\n\n\n\n<li>Multiplication de l\u2019utilisation de l\u2019outil&nbsp;&nbsp; informatique &nbsp; (livres num\u00e9riques, CDI, TIC, \u2026)&nbsp;<\/li>\n\n\n\n<li>Un rythme plus soutenu et un travail plus important&nbsp;<\/li>\n<\/ul>\n\n\n\n<p><div class='postItBleu  animated tada delay1 duration1 eds-on-scroll '><strong><span style=\"color:#ffffff\" class=\"tadv-color\">Une organisation n\u00e9cessaire<\/span><\/strong><\/div> <\/p>\n\n\n\n<ul class=\"wp-block-list\">\n<li>mais facilit\u00e9e<\/li>\n\n\n\n<li>1 classe de 6\u00e8me = 1 salle de r\u00e9f\u00e9rence&nbsp;<\/li>\n\n\n\n<li>Les changements de salles limit\u00e9s au maximum (Technologie, Laboratoire, Arts Plastiques, Education Musicale, EPS)<\/li>\n\n\n\n<li>Les casiers dans les salles<\/li>\n\n\n\n<li>L\u2019aide m\u00e9thodologique<\/li>\n\n\n\n<li>L\u2019aide au travail personnel<\/li>\n\n\n\n<li>L\u2019agenda int\u00e9gr\u00e9 au carnet de liaison<\/li>\n\n\n\n<li>Les heure de vie de classe avec le professeur principal<\/li>\n<\/ul>\n\n\n\n<p><div class='postItBleu  animated tada delay1 duration1 eds-on-scroll '><strong><strong><span style=\"color:#ffffff\" class=\"tadv-color\">Une semaine adapt\u00e9e !<\/span><\/strong><\/strong><\/div> <\/p>\n\n\n\n<p>Parce qu\u2019une arriv\u00e9e en 6\u00e8me est d\u00e9j\u00e0 un grand changement et qu\u2019il faut apprendre \u00e0 g\u00e9rer un nouveau rythme, nous avons organis\u00e9 la semaine :<\/p>\n\n\n\n<p>Cours classiques les LUNDI, MARDI, JEUDI et VENDREDI<\/p>\n\n\n\n<p><strong><em>Mercredi<\/em><\/strong> : les \u00e9l\u00e8ves sont accueillis 1 semaine sur 2, il peut y avoir des cours disciplinaires, mais aussi des temps de renforcement et de l\u2019accompagnement personnalis\u00e9.<\/p>\n\n\n\n<div style=\"height:100px\" aria-hidden=\"true\" class=\"wp-block-spacer\"><\/div>\n","protected":false},"excerpt":{"rendered":"<p>ARRIV\u00c9E EN SIXI\u00c8ME Le cycle 3&nbsp; : cycle de consolidation CM1, CM2, 6\u00e8me Une nouvelle organisation&nbsp; Une organisation n\u00e9cessaire Une semaine adapt\u00e9e ! Parce qu\u2019une arriv\u00e9e en 6\u00e8me est d\u00e9j\u00e0 un grand changement et qu\u2019il faut apprendre \u00e0 g\u00e9rer un nouveau rythme, nous avons organis\u00e9 la semaine : Cours classiques les LUNDI, MARDI, JEUDI et [&hellip;]<\/p>\n","protected":false},"author":1,"featured_media":0,"parent":0,"menu_order":0,"comment_status":"closed","ping_status":"closed","template":"pageVierge.php","meta":{"footnotes":""},"class_list":["post-303","page","type-page","status-publish","hentry"],"_links":{"self":[{"href":"http:\/\/saint-charles.net\/NSTC\/index.php?rest_route=\/wp\/v2\/pages\/303","targetHints":{"allow":["GET"]}}],"collection":[{"href":"http:\/\/saint-charles.net\/NSTC\/index.php?rest_route=\/wp\/v2\/pages"}],"about":[{"href":"http:\/\/saint-charles.net\/NSTC\/index.php?rest_route=\/wp\/v2\/types\/page"}],"author":[{"embeddable":true,"href":"http:\/\/saint-charles.net\/NSTC\/index.php?rest_route=\/wp\/v2\/users\/1"}],"replies":[{"embeddable":true,"href":"http:\/\/saint-charles.net\/NSTC\/index.php?rest_route=%2Fwp%2Fv2%2Fcomments&post=303"}],"version-history":[{"count":32,"href":"http:\/\/saint-charles.net\/NSTC\/index.php?rest_route=\/wp\/v2\/pages\/303\/revisions"}],"predecessor-version":[{"id":2244,"href":"http:\/\/saint-charles.net\/NSTC\/index.php?rest_route=\/wp\/v2\/pages\/303\/revisions\/2244"}],"wp:attachment":[{"href":"http:\/\/saint-charles.net\/NSTC\/index.php?rest_route=%2Fwp%2Fv2%2Fmedia&parent=303"}],"curies":[{"name":"wp","href":"https:\/\/api.w.org\/{rel}","templated":true}]}}