{"id":305,"date":"2020-12-08T13:32:35","date_gmt":"2020-12-08T12:32:35","guid":{"rendered":"http:\/\/www.letrognon.com\/college\/?page_id=305"},"modified":"2024-10-05T18:24:26","modified_gmt":"2024-10-05T16:24:26","slug":"association-sportive","status":"publish","type":"page","link":"http:\/\/saint-charles.net\/NSTC\/?page_id=305","title":{"rendered":"Association Sportive"},"content":{"rendered":"\n<h1 class=\"wp-block-heading\">Association sportive<\/h1>\n\n\n\n<h2 class=\"wp-block-heading\">Affili\u00e9e \u00e0 l\u2019UGSEL, l\u2019association sportive du coll\u00e8ge a pour objectifs&nbsp;:<\/h2>\n\n\n<div class=\"wp-block-image\">\n<figure class=\"aligncenter size-large is-resized\"><img loading=\"lazy\" decoding=\"async\" width=\"1024\" height=\"334\" src=\"http:\/\/saint-charles.net\/NSTC\/wp-content\/uploads\/2021\/04\/sports.png\" alt=\"\" class=\"wp-image-591\" style=\"width:512px;height:167px\" srcset=\"http:\/\/saint-charles.net\/NSTC\/wp-content\/uploads\/2021\/04\/sports.png 1024w, http:\/\/saint-charles.net\/NSTC\/wp-content\/uploads\/2021\/04\/sports-300x98.png 300w, http:\/\/saint-charles.net\/NSTC\/wp-content\/uploads\/2021\/04\/sports-768x251.png 768w\" sizes=\"auto, (max-width: 1024px) 100vw, 1024px\" \/><\/figure>\n<\/div>\n\n\n<p><strong>La pratique pour tous&nbsp;:<\/strong><\/p>\n\n\n\n<ul class=\"wp-block-list\">\n<li>En variant les activit\u00e9s sportives, comp\u00e9titives ou non comp\u00e9titives (animation).<\/li>\n\n\n\n<li>En adaptant les contenus et les r\u00e8glements, en innovant.<\/li>\n<\/ul>\n\n\n\n<p><strong>La formation&nbsp;:<\/strong><\/p>\n\n\n\n<ul class=\"wp-block-list\">\n<li>En d\u00e9veloppant et en encourageant la prise de responsabilit\u00e9s pour un<\/li>\n<\/ul>\n\n\n\n<p>Apprentissage v\u00e9cu \u00e0 la vie associative.<\/p>\n\n\n\n<ul class=\"wp-block-list\">\n<li>&nbsp;En associant le plus souvent possible JOUER-ARBITRER.<\/li>\n\n\n\n<li>En \u00e9duquant \u00e0 la sant\u00e9, \u00e0 la citoyennet\u00e9.<\/li>\n<\/ul>\n\n\n\n<p><strong>L\u2019int\u00e9gration&nbsp;:<\/strong><\/p>\n\n\n\n<ul class=\"wp-block-list\">\n<li>La solidarit\u00e9&nbsp;:<\/li>\n\n\n\n<li>En acceptant chacun quel que soit son niveau de performance.<\/li>\n\n\n\n<li>En valorisant tous les r\u00f4les au sein de l\u2019Association Sportive (gestion, m\u00e9diatisation, saisie de r\u00e9sultats, arbitrage\u2026).<\/li>\n<\/ul>\n\n\n\n<hr class=\"wp-block-separator has-text-color has-white-color has-css-opacity has-white-background-color has-background is-style-default\"\/>\n\n\n\n<p>Trois enseignantes d\u2019EPS assurent l\u2019encadrement de l\u2019animation, des entra\u00eenements et des comp\u00e9titions de l\u2019association sportive (Mme Bernard, M. Lecomte et M. Palmieri).<\/p>\n\n\n\n<div class=\"wp-block-columns is-layout-flex wp-container-core-columns-is-layout-9d6595d7 wp-block-columns-is-layout-flex\">\n<div class=\"wp-block-column is-layout-flow wp-block-column-is-layout-flow\">\n<p><strong>Les animations du midi&nbsp;et de fin de journ\u00e9e :<\/strong><\/p>\n\n\n\n<p>Dans un esprit de convivialit\u00e9 et de fair-play, les \u00e9l\u00e8ves vont pouvoir se d\u00e9tendre en pratiquant des activit\u00e9s sportives (cirque, tennis de table et badminton). Les \u00e9l\u00e8ves g\u00e8rent l\u2019organisation, l\u2019arbitrage, la mise en place et le rangement du mat\u00e9riel.<\/p>\n<\/div>\n\n\n\n<div class=\"wp-block-column is-layout-flow wp-block-column-is-layout-flow\">\n<p><strong>Les animations, les comp\u00e9titions et les entra\u00eenements du mercredi apr\u00e8s-midi&nbsp;:<\/strong><\/p>\n\n\n\n<p>Le mercredi, le sport scolaire va permettre aux \u00e9l\u00e8ves dans le cadre des animations et comp\u00e9titions UGSEL, d\u2019\u00e9prouver leur volont\u00e9 de vaincre, de se d\u00e9passer dans les activit\u00e9s&nbsp;(basket-ball, handball, futsall, tennis de table, badminton, cano\u00eb, danse, escalade, cross).Les enseignants veilleront \u00e0 relativiser les enjeux des d\u00e9faites comme des victoires.<\/p>\n<\/div>\n<\/div>\n\n\n\n<h2 class=\"wp-block-heading\">ORGANISATION DE L\u2019A.S&nbsp;:<\/h2>\n\n\n\n<p><\/p>\n\n\n\n<ul class=\"wp-block-list\">\n<li>Tous les midis DE 12H30 \u00e0 13H30\u00a0: Tennis de table \/ Badminton \/ Futsall \/ Cirque<\/li>\n\n\n\n<li>MERCREDI A PARTIR DE 13H30\u00a0: COMPETITIONS\/ANIMATIONS<\/li>\n\n\n\n<li>LES MERCREDIS A DES HORAIRES FLUCTUANTS&nbsp;: Comp\u00e9titions et Animations diverses (cross, tennis de table, badminton, futsal, basket-ball, handball, cano\u00eb, escalade, danse).<\/li>\n<\/ul>\n\n\n\n<div style=\"height:100px\" aria-hidden=\"true\" class=\"wp-block-spacer\"><\/div>\n\n\n\n<div class=\"alignnormal\"><div id=\"metaslider-id-1412\" style=\"width: 100%;\" class=\"ml-slider-3-16-4 metaslider metaslider-flex metaslider-1412 ml-slider ms-theme-outline nav-hidden\">\n    <div id=\"metaslider_container_1412\">\n        <div id=\"metaslider_1412\" class=\"flexslider\">\n            <ul aria-live=\"polite\" class=\"slides\">\n                <li style=\"display: block; width: 100%;\" class=\"slide-1413 ms-image\"><img loading=\"lazy\" decoding=\"async\" src=\"http:\/\/saint-charles.net\/NSTC\/wp-content\/uploads\/2022\/11\/DDDD.jpg\" height=\"250\" width=\"450\" alt=\"\" class=\"slider-1412 slide-1413\" title=\"Badminton\" \/><\/li>\n                <li style=\"display: none; width: 100%;\" class=\"slide-1414 ms-image\"><img loading=\"lazy\" decoding=\"async\" src=\"http:\/\/saint-charles.net\/NSTC\/wp-content\/uploads\/2022\/11\/ASEPS.jpg\" height=\"250\" width=\"450\" alt=\"\" class=\"slider-1412 slide-1414\" title=\"Tennis de table\" \/><\/li>\n                <li style=\"display: none; width: 100%;\" class=\"slide-1415 ms-image\"><img loading=\"lazy\" decoding=\"async\" src=\"http:\/\/saint-charles.net\/NSTC\/wp-content\/uploads\/2022\/11\/309383986_535682078560520_2666357046987952696_n.jpg\" height=\"250\" width=\"450\" alt=\"\" class=\"slider-1412 slide-1415\" title=\"Rencontre des 6\u00e8me inter-\u00e9tablissements\" \/><\/li>\n            <\/ul>\n        <\/div>\n        \n    <\/div>\n<\/div><\/div>\n","protected":false},"excerpt":{"rendered":"<p>Association sportive Affili\u00e9e \u00e0 l\u2019UGSEL, l\u2019association sportive du coll\u00e8ge a pour objectifs&nbsp;: La pratique pour tous&nbsp;: La formation&nbsp;: Apprentissage v\u00e9cu \u00e0 la vie associative. L\u2019int\u00e9gration&nbsp;: Trois enseignantes d\u2019EPS assurent l\u2019encadrement de l\u2019animation, des entra\u00eenements et des comp\u00e9titions de l\u2019association sportive (Mme Bernard, M. Lecomte et M. Palmieri). Les animations du midi&nbsp;et de fin de journ\u00e9e [&hellip;]<\/p>\n","protected":false},"author":1,"featured_media":0,"parent":0,"menu_order":0,"comment_status":"closed","ping_status":"closed","template":"pageVierge.php","meta":{"footnotes":""},"class_list":["post-305","page","type-page","status-publish","hentry"],"_links":{"self":[{"href":"http:\/\/saint-charles.net\/NSTC\/index.php?rest_route=\/wp\/v2\/pages\/305","targetHints":{"allow":["GET"]}}],"collection":[{"href":"http:\/\/saint-charles.net\/NSTC\/index.php?rest_route=\/wp\/v2\/pages"}],"about":[{"href":"http:\/\/saint-charles.net\/NSTC\/index.php?rest_route=\/wp\/v2\/types\/page"}],"author":[{"embeddable":true,"href":"http:\/\/saint-charles.net\/NSTC\/index.php?rest_route=\/wp\/v2\/users\/1"}],"replies":[{"embeddable":true,"href":"http:\/\/saint-charles.net\/NSTC\/index.php?rest_route=%2Fwp%2Fv2%2Fcomments&post=305"}],"version-history":[{"count":25,"href":"http:\/\/saint-charles.net\/NSTC\/index.php?rest_route=\/wp\/v2\/pages\/305\/revisions"}],"predecessor-version":[{"id":2247,"href":"http:\/\/saint-charles.net\/NSTC\/index.php?rest_route=\/wp\/v2\/pages\/305\/revisions\/2247"}],"wp:attachment":[{"href":"http:\/\/saint-charles.net\/NSTC\/index.php?rest_route=%2Fwp%2Fv2%2Fmedia&parent=305"}],"curies":[{"name":"wp","href":"https:\/\/api.w.org\/{rel}","templated":true}]}}