{"id":319,"date":"2020-12-08T13:36:46","date_gmt":"2020-12-08T12:36:46","guid":{"rendered":"http:\/\/www.letrognon.com\/college\/?page_id=319"},"modified":"2024-10-05T18:31:07","modified_gmt":"2024-10-05T16:31:07","slug":"restauration","status":"publish","type":"page","link":"http:\/\/saint-charles.net\/NSTC\/?page_id=319","title":{"rendered":"Restauration"},"content":{"rendered":"\n<h1 class=\"wp-block-heading\">Restauration<\/h1>\n\n\n\n<p>La restauration accueille les \u00e9l\u00e8ves tous les midis et propose des repas \u00e9labor\u00e9s sur place.<\/p>\n\n\n\n<ul class=\"wp-block-list\">\n<li>Salad BAR avec 2 entr\u00e9es au choix<\/li>\n\n\n\n<li>1 plat principal<\/li>\n\n\n\n<li>2 desserts au choix<\/li>\n<\/ul>\n\n\n\n<p>Par ailleurs, il est possible de combiner les repas classiques avec des repas pr\u00e9par\u00e9s \u00e0 la maison. En effet, nous proposons une Lunch BOX qui contient le repas pr\u00e9par\u00e9 par la famille et remis \u00e0 temp\u00e9rature le midi.<\/p>\n\n\n\n<figure class=\"wp-block-gallery has-nested-images columns-default is-cropped wp-block-gallery-1 is-layout-flex wp-block-gallery-is-layout-flex\">\n<figure class=\"wp-block-image size-large\"><img loading=\"lazy\" decoding=\"async\" width=\"1023\" height=\"768\" data-id=\"636\" src=\"http:\/\/saint-charles.net\/NSTC\/wp-content\/uploads\/2021\/04\/cantine1.jpg\" alt=\"\" class=\"wp-image-636\" srcset=\"http:\/\/saint-charles.net\/NSTC\/wp-content\/uploads\/2021\/04\/cantine1.jpg 1023w, http:\/\/saint-charles.net\/NSTC\/wp-content\/uploads\/2021\/04\/cantine1-300x225.jpg 300w, http:\/\/saint-charles.net\/NSTC\/wp-content\/uploads\/2021\/04\/cantine1-768x577.jpg 768w\" sizes=\"auto, (max-width: 1023px) 100vw, 1023px\" \/><\/figure>\n\n\n\n<figure class=\"wp-block-image size-large\"><img loading=\"lazy\" decoding=\"async\" width=\"1023\" height=\"605\" data-id=\"637\" src=\"http:\/\/saint-charles.net\/NSTC\/wp-content\/uploads\/2021\/04\/cantine2.jpg\" alt=\"\" class=\"wp-image-637\" srcset=\"http:\/\/saint-charles.net\/NSTC\/wp-content\/uploads\/2021\/04\/cantine2.jpg 1023w, http:\/\/saint-charles.net\/NSTC\/wp-content\/uploads\/2021\/04\/cantine2-300x177.jpg 300w, http:\/\/saint-charles.net\/NSTC\/wp-content\/uploads\/2021\/04\/cantine2-768x454.jpg 768w\" sizes=\"auto, (max-width: 1023px) 100vw, 1023px\" \/><\/figure>\n<\/figure>\n","protected":false},"excerpt":{"rendered":"<p>Restauration La restauration accueille les \u00e9l\u00e8ves tous les midis et propose des repas \u00e9labor\u00e9s sur place. Par ailleurs, il est possible de combiner les repas classiques avec des repas pr\u00e9par\u00e9s \u00e0 la maison. En effet, nous proposons une Lunch BOX qui contient le repas pr\u00e9par\u00e9 par la famille et remis \u00e0 temp\u00e9rature le midi.<\/p>\n","protected":false},"author":1,"featured_media":0,"parent":0,"menu_order":0,"comment_status":"closed","ping_status":"closed","template":"pageVierge.php","meta":{"footnotes":""},"class_list":["post-319","page","type-page","status-publish","hentry"],"_links":{"self":[{"href":"http:\/\/saint-charles.net\/NSTC\/index.php?rest_route=\/wp\/v2\/pages\/319","targetHints":{"allow":["GET"]}}],"collection":[{"href":"http:\/\/saint-charles.net\/NSTC\/index.php?rest_route=\/wp\/v2\/pages"}],"about":[{"href":"http:\/\/saint-charles.net\/NSTC\/index.php?rest_route=\/wp\/v2\/types\/page"}],"author":[{"embeddable":true,"href":"http:\/\/saint-charles.net\/NSTC\/index.php?rest_route=\/wp\/v2\/users\/1"}],"replies":[{"embeddable":true,"href":"http:\/\/saint-charles.net\/NSTC\/index.php?rest_route=%2Fwp%2Fv2%2Fcomments&post=319"}],"version-history":[{"count":9,"href":"http:\/\/saint-charles.net\/NSTC\/index.php?rest_route=\/wp\/v2\/pages\/319\/revisions"}],"predecessor-version":[{"id":2254,"href":"http:\/\/saint-charles.net\/NSTC\/index.php?rest_route=\/wp\/v2\/pages\/319\/revisions\/2254"}],"wp:attachment":[{"href":"http:\/\/saint-charles.net\/NSTC\/index.php?rest_route=%2Fwp%2Fv2%2Fmedia&parent=319"}],"curies":[{"name":"wp","href":"https:\/\/api.w.org\/{rel}","templated":true}]}}