{"id":565,"date":"2021-04-05T19:07:26","date_gmt":"2021-04-05T17:07:26","guid":{"rendered":"http:\/\/saint-charles.net\/NSTC\/?page_id=565"},"modified":"2022-11-06T18:29:01","modified_gmt":"2022-11-06T17:29:01","slug":"charte-de-vie-commune","status":"publish","type":"page","link":"http:\/\/saint-charles.net\/NSTC\/?page_id=565","title":{"rendered":"Charte de vie commune"},"content":{"rendered":"\n<h1>Charte de vie commune<\/h1>\n\n\n\n<p>Un \u00e9tablissement scolaire est un lieu de vie au sein duquel les \u00e9l\u00e8ves doivent entretenir des relations sociales empruntes de tol\u00e9rance et respect mutuels. Cette charte de vie commune, pr\u00e9alable au r\u00e8glement int\u00e9rieur de l\u2019\u00e9tablissement rappelle les valeurs auxquels nous sommes attach\u00e9s.<\/p>\n\n\n\n<p><\/p>\n\n\n\n<div style=\"height:100px\" aria-hidden=\"true\" class=\"wp-block-spacer\"><\/div>\n\n\n\n<p><strong>Etre \u00e9l\u00e8ve \u00e0 l\u2019\u00e9cole Sainte Famille ou au coll\u00e8ge Saint Charles implique :<\/strong><\/p>\n\n\n\n<ul class=\"wp-block-list\">\n<li>D\u2019\u00eatre ponctuel et assidu durant les heures de pr\u00e9sence dans l\u2019\u00e9tablissement,<\/li>\n\n\n\n<li>D\u2019\u00eatre respectueux envers les biens et les personnes, adultes et jeunes, en tenant compte des diff\u00e9rences entre chacun,<\/li>\n\n\n\n<li>D\u2019avoir une attitude adapt\u00e9e aux exigences scolaires apprentissage des le\u00e7ons, participation active aux activit\u00e9s propos\u00e9es par les enseignants, restitution des travaux et documents demand\u00e9s, possession du mat\u00e9riel scolaire, \u2026<\/li>\n\n\n\n<li>D\u2019\u00eatre soucieux de sa s\u00e9curit\u00e9 et de la s\u00e9curit\u00e9 d\u2019autrui,<\/li>\n\n\n\n<li>De v\u00e9hiculer une image positive de l\u2019\u00e9tablissement aux abords de celui-ci ainsi que lors des d\u00e9placements ext\u00e9rieurs, dans toutes les instances locales de repr\u00e9sentation ainsi que sur les r\u00e9seaux sociaux.<\/li>\n\n\n\n<li>De conna\u00eetre et de veiller \u00e0 respecter le r\u00e8glement int\u00e9rieur de l\u2019\u00e9tablissement de scolarisation.<\/li>\n<\/ul>\n\n\n\n<p><\/p>\n","protected":false},"excerpt":{"rendered":"<p>Charte de vie commune Un \u00e9tablissement scolaire est un lieu de vie au sein duquel les \u00e9l\u00e8ves doivent entretenir des relations sociales empruntes de tol\u00e9rance et respect mutuels. Cette charte de vie commune, pr\u00e9alable au r\u00e8glement int\u00e9rieur de l\u2019\u00e9tablissement rappelle les valeurs auxquels nous sommes attach\u00e9s. Etre \u00e9l\u00e8ve \u00e0 l\u2019\u00e9cole Sainte Famille ou au coll\u00e8ge [&hellip;]<\/p>\n","protected":false},"author":1,"featured_media":0,"parent":0,"menu_order":0,"comment_status":"closed","ping_status":"closed","template":"pageVierge.php","meta":{"footnotes":""},"class_list":["post-565","page","type-page","status-publish","hentry"],"_links":{"self":[{"href":"http:\/\/saint-charles.net\/NSTC\/index.php?rest_route=\/wp\/v2\/pages\/565","targetHints":{"allow":["GET"]}}],"collection":[{"href":"http:\/\/saint-charles.net\/NSTC\/index.php?rest_route=\/wp\/v2\/pages"}],"about":[{"href":"http:\/\/saint-charles.net\/NSTC\/index.php?rest_route=\/wp\/v2\/types\/page"}],"author":[{"embeddable":true,"href":"http:\/\/saint-charles.net\/NSTC\/index.php?rest_route=\/wp\/v2\/users\/1"}],"replies":[{"embeddable":true,"href":"http:\/\/saint-charles.net\/NSTC\/index.php?rest_route=%2Fwp%2Fv2%2Fcomments&post=565"}],"version-history":[{"count":7,"href":"http:\/\/saint-charles.net\/NSTC\/index.php?rest_route=\/wp\/v2\/pages\/565\/revisions"}],"predecessor-version":[{"id":1365,"href":"http:\/\/saint-charles.net\/NSTC\/index.php?rest_route=\/wp\/v2\/pages\/565\/revisions\/1365"}],"wp:attachment":[{"href":"http:\/\/saint-charles.net\/NSTC\/index.php?rest_route=%2Fwp%2Fv2%2Fmedia&parent=565"}],"curies":[{"name":"wp","href":"https:\/\/api.w.org\/{rel}","templated":true}]}}