{"id":873,"date":"2022-09-18T16:22:18","date_gmt":"2022-09-18T14:22:18","guid":{"rendered":"http:\/\/saint-charles.net\/NSTC\/?page_id=873"},"modified":"2022-11-06T19:01:10","modified_gmt":"2022-11-06T18:01:10","slug":"projet-deveil-religieux","status":"publish","type":"page","link":"http:\/\/saint-charles.net\/NSTC\/?page_id=873","title":{"rendered":"Projet d&rsquo;Eveil Religieux"},"content":{"rendered":"\n<h1>Projet d&rsquo;Eveil Religieux<\/h1>\n\n\n\n<p>L\u2019\u00e9quipe \u00e9ducative propose \u00e0 tous les \u00e9l\u00e8ves un \u00e9veil religieux. Le temps consacr\u00e9 \u00e0 cet \u00e9veil est de 20 minutes par semaine. Ce temps vient s\u2019ajouter aux 24 h 00 d\u2019enseignement hebdomadaire consacr\u00e9es aux apprentissages scolaires. Nous sommes persuad\u00e9s que ces temps sont une chance suppl\u00e9mentaire pour vos enfants de grandir et de s\u2019\u00e9panouir.<\/p>\n\n\n\n<hr class=\"wp-block-separator has-alpha-channel-opacity\"\/>\n\n\n\n<ol class=\"wp-block-list\" type=\"1\">\n<li><strong><u>Donner aux \u00e9l\u00e8ves une culture religieuse&nbsp;:&nbsp;<\/u><\/strong><\/li>\n<\/ol>\n\n\n\n<p>Ce temps doit permettre aux enfants de saisir le sens des traditions religieuses, lepatrimoine religieux ainsi que l\u2019histoire religieuse du pays dans lequel ils vivent.<\/p>\n\n\n\n<p>Culture jud\u00e9o-chr\u00e9tienne principalement mais aussi musulmane ou juive seront abord\u00e9es afin d\u2019en r\u00e9v\u00e9ler les points et l\u2019histoire commune qui les relient. Ces domaines et leurs liens entre eux doivent permettre aux enfants de mieux saisir le monde dans lequel ils vivent. Tout cela abord\u00e9 de fa\u00e7on rigoureuse et construite doit permettre d\u2019apprendre \u00e0 savoir vivre ensemble.<\/p>\n\n\n\n<ol class=\"wp-block-list\" type=\"1\" start=\"2\">\n<li><strong><u>C\u00e9l\u00e9brer&nbsp;:&nbsp;<\/u><\/strong><\/li>\n<\/ol>\n\n\n\n<p>Parce qu\u2019un Chr\u00e9tien ne vit pas seul, nous souhaitons inviter les \u00e9l\u00e8ves et leur&nbsp;famille \u00e0 partager des temps de f\u00eates autour des principales f\u00eates chr\u00e9tiennes&nbsp;(No\u00ebl, P\u00e2ques\u2026) et leur donner du sens.<\/p>\n\n\n\n<ol class=\"wp-block-list\" type=\"1\" start=\"3\">\n<li><strong><u>Eveiller \u00e0 l\u2019int\u00e9riorit\u00e9&nbsp;:<\/u><\/strong><\/li>\n<\/ol>\n\n\n\n<p>Parce qu\u2019aujourd\u2019hui nous consid\u00e9rons qu\u2019il est important d\u2019offrir aux enfants des moments propices \u00e0 la r\u00e9flexion int\u00e9rieure, nous souhaitons mettre en place quotidiennement des temps de silence, des temps d\u2019int\u00e9riorit\u00e9 qui permettront \u00e0 tous les \u00e9l\u00e8ves, de la Tr\u00e8s Petite Section au CM2 de&nbsp;:&nbsp;<\/p>\n\n\n\n<ul class=\"wp-block-list\">\n<li>regarder ce qui est beau, <\/li>\n\n\n\n<li>penser \u00e0 ce qu\u2019on a bien aim\u00e9 aujourd\u2019hui, hier\u2026relier les \u00e9l\u00e9ments de la vie,<\/li>\n\n\n\n<li>penser \u00e0 ce que l\u2019on n\u2019a pas aim\u00e9 aujourd\u2019hui,<\/li>\n\n\n\n<li>prendre conscience du temps qui passe,<\/li>\n\n\n\n<li>penser \u00e0 une personne que l\u2019on aime (ou que l\u2019on a aim\u00e9e).<\/li>\n<\/ul>\n","protected":false},"excerpt":{"rendered":"<p>Projet d&rsquo;Eveil Religieux L\u2019\u00e9quipe \u00e9ducative propose \u00e0 tous les \u00e9l\u00e8ves un \u00e9veil religieux. Le temps consacr\u00e9 \u00e0 cet \u00e9veil est de 20 minutes par semaine. Ce temps vient s\u2019ajouter aux 24 h 00 d\u2019enseignement hebdomadaire consacr\u00e9es aux apprentissages scolaires. Nous sommes persuad\u00e9s que ces temps sont une chance suppl\u00e9mentaire pour vos enfants de grandir et [&hellip;]<\/p>\n","protected":false},"author":2,"featured_media":0,"parent":0,"menu_order":0,"comment_status":"closed","ping_status":"closed","template":"pageVierge.php","meta":{"footnotes":""},"class_list":["post-873","page","type-page","status-publish","hentry"],"_links":{"self":[{"href":"http:\/\/saint-charles.net\/NSTC\/index.php?rest_route=\/wp\/v2\/pages\/873","targetHints":{"allow":["GET"]}}],"collection":[{"href":"http:\/\/saint-charles.net\/NSTC\/index.php?rest_route=\/wp\/v2\/pages"}],"about":[{"href":"http:\/\/saint-charles.net\/NSTC\/index.php?rest_route=\/wp\/v2\/types\/page"}],"author":[{"embeddable":true,"href":"http:\/\/saint-charles.net\/NSTC\/index.php?rest_route=\/wp\/v2\/users\/2"}],"replies":[{"embeddable":true,"href":"http:\/\/saint-charles.net\/NSTC\/index.php?rest_route=%2Fwp%2Fv2%2Fcomments&post=873"}],"version-history":[{"count":3,"href":"http:\/\/saint-charles.net\/NSTC\/index.php?rest_route=\/wp\/v2\/pages\/873\/revisions"}],"predecessor-version":[{"id":1387,"href":"http:\/\/saint-charles.net\/NSTC\/index.php?rest_route=\/wp\/v2\/pages\/873\/revisions\/1387"}],"wp:attachment":[{"href":"http:\/\/saint-charles.net\/NSTC\/index.php?rest_route=%2Fwp%2Fv2%2Fmedia&parent=873"}],"curies":[{"name":"wp","href":"https:\/\/api.w.org\/{rel}","templated":true}]}}